 8*g - 362. Let q be u(4). What is the greatest common divisor of q and 45?
45
Suppose 82 - 29 + 101 = 22*h. Calculate the highest common factor of 77 and h.
7
Let r = 36 - 6. Let a(w) = -w**2 + 314*w - 13533. Let v be a(53). What is the greatest common divisor of v and r?
30
Let d(m) = m**2 - 2*m + 3. Let s be d(3). Suppose 663 = 34*l - 942 + 279. Calculate the greatest common divisor of s and l.
3
Suppose -4*i = -3*n + 376, 0 = -3*n - n + 2*i + 498. Suppose n = y + 85. Let h = 32 + -19. What is the highest common divisor of y and h?
13
Let x(y) = 4*y**2 + 13*y - 23. Suppose m - 13 = -11. Let u be x(m). Suppose 2*f + 27 = 179. What is the greatest common divisor of u and f?
19
Let x be 800 - 7 - (-13 + 7 + -2). Calculate the greatest common factor of x and 45.
9
Suppose -186 = 5*b + 29. Let h = -43 - b. Suppose h*z + 135 = 3*z. Calculate the highest common factor of 18 and z.
9
Suppose 846 = 14843*y - 14796*y. What is the greatest common factor of 11862 and y?
18
Suppose -4475 = -408*m + 1645. What is the greatest common factor of m and 48?
3
Let z be (2811392/17)/19 + -18. Calculate the greatest common factor of 808 and z.
202
Let g be ((-722)/399)/(-19) - (-11752)/84. Calculate the highest common factor of 1180 and g.
20
Suppose l - 3*y = 14, 15*l - y + 52 = 18*l. What is the highest common divisor of l and 119?
17
Suppose 0 = -0*f + 4*f - 176. Suppose 4*i - 8*i = -f. Let b(u) = -50*u - 412. Let l be b(-10). What is the greatest common factor of i and l?
11
Suppose 0 = -25*l + 34*l - 666. Suppose -z = -283 - l. Calculate the highest common divisor of z and 21.
21
Let r(h) = -82*h + 55. Let t be r(-3). What is the greatest common factor of t and 49?
7
Suppose 0*g + 2*g - 1082 = 0. Let s = -296 + g. Let k be (-2 + 3)*3*1750/150. What is the greatest common divisor of k and s?
35
Let v = -69 - -83. Suppose -22*d + v*d = -96. Let t(m) = -m**3 + 11*m**2 + 15*m. Let g be t(d). What is the greatest common divisor of g and 12?
12
Suppose -3*p = -2*i + 75, -5*p - 25 = 2*i - 108. Suppose -4*z - 621 = -6*z - 3*a, a = 4*z - 1249. Calculate the greatest common divisor of i and z.
39
Let i be ((-6)/(-144)*-4)/(1*(-5)/510). Calculate the highest common factor of 17323 and i.
17
Let c be -6*1*(-2)/2. Suppose 0 = -k + c*k - 10. Let f(q) = 1491*q + 55169. Let m be f(-37). What is the greatest common factor of m and k?
2
Suppose -3*b + 25480 = 11*b. Suppose -4*v - b = -24*v. Calculate the greatest common divisor of 13 and v.
13
Let b(d) = -282*d + 2136. Let y be b(7). Calculate the highest common factor of y and 18.
18
Let x(l) = -200*l + 636. Let n be x(3). Calculate the greatest common divisor of 996 and n.
12
Suppose -10 - 8 = -s. Let x = -822 - -835. Suppose 3*h + 4*r = 20, 4*r + 3 = -x. Calculate the greatest common factor of h and s.
6
Suppose -8 + 5 = l. Let t be 38/16 + l/8. Suppose h - 23 = -2*d + 12, -t*d + 66 = 2*h. Calculate the greatest common divisor of 62 and h.
31
Suppose 0*n + 86 = 2*n + 2*x, 5*n - 211 = -x. Let w be (n/(-4))/(2*12/(-32)). Suppose 4*p = w*p - 440. What is the greatest common factor of p and 11?
11
Suppose -3348 = -2*c - 10*c. Suppose 0*u - 3*u = b - c, -5*u - 2*b + 464 = 0. Let r = u - 83. Calculate the highest common factor of 1 and r.
1
Let i = 45597 + -27628. Calculate the greatest common divisor of 119 and i.
119
Let s be 56/8 + 6 + -3. Suppose o - 2*r = 7, r + 7 - s = 0. Calculate the greatest common divisor of 871 and o.
13
Let q(p) = p**3 + 8*p**2 + 6*p - 13. Let v be q(-6). Suppose 0 = -11*t + v*t - 2184. Calculate the greatest common factor of t and 26.
26
Let m(h) be the third derivative of -h**6/60 + 7*h**5/60 + 9*h**4/8 - 8*h**3/3 - 26*h**2. Let a be m(-8). What is the greatest common divisor of 40 and a?
40
Let l(b) = -b**3 + 4*b**2 - 2*b + 11. Let f be l(4). Suppose -5*a + f*z + 20 = 8*z, 3*a = -4*z + 8. Calculate the greatest common divisor of a and 22.
2
Let a = 242 + -136. Let c = a - 101. Suppose -3*h - h + 80 = 0. Calculate the highest common factor of h and c.
5
Suppose -5*t + 5*s - 242 = -12, -4*t - 179 = -3*s. Let b = -254 - -181. Let i = t - b. What is the highest common factor of i and 8?
8
Let b = -55 - 11. Let d = 841 + b. Suppose 422 + d = 9*u. Calculate the highest common factor of u and 19.
19
Suppose -6*h + 543 = -357. Let a = -105 + h. Let g(v) = -16*v - 1. Let y be g(-1). What is the highest common divisor of a and y?
15
Suppose 59 - 3 = 40*g - 24. Calculate the highest common divisor of g and 4260.
2
Let r(n) = -9234*n + 101581. Let f be r(11). Let q(g) = -g**3 - 3*g**2 - 2. Let t be q(-4). Calculate the greatest common divisor of f and t.
7
Let w be (((-45)/(-10))/(-9))/((-5)/(-120)). Let b be 15/60 + (-1317)/w. What is the greatest common divisor of b and 30?
10
Suppose 20 = 4*n - 4*i, 3*i = -3*n + 2*i + 7. Suppose 0 = -4*t - 4*s + 2248, -t - n*s + 570 = 2*s. What is the greatest common divisor of t and 28?
28
Let q be 15/(-25) + (-2918877)/(-195). What is the highest common factor of 8 and q?
8
Let b be (7084/8)/11 - 2/4. Suppose 0*h = -4*h - b. Let z = -7 - h. What is the highest common divisor of z and 104?
13
Suppose 0 = -w - r - 1, r = 2*w + w - 17. Suppose 4*k - b = 60, 0*k - w*b + 32 = k. Suppose p = -0 + k. Calculate the greatest common divisor of p and 2.
2
Let w(b) = 33*b + 42. Let n be w(-1). Suppose q - n*q + 3200 = 0. What is the highest common divisor of 32 and q?
16
Suppose -306*k + 314*k = 40. Suppose -k*b - 63 = -213. What is the greatest common divisor of b and 130?
10
Suppose 2*g + t - 106 = 0, 3*g - 39 - 113 = -5*t. Suppose 50*v - g*v = 0. Suppose v*w = 3*w - 18. Calculate the greatest common divisor of 4 and w.
2
Let m be (((-950)/15)/10)/(1/(-3)). Suppose 0 = 16*x - m - 109. What is the greatest common divisor of 6 and x?
2
Let i(s) = 62*s + 280. Let c be i(-4). Calculate the greatest common divisor of c and 104.
8
Let u = -1154 + 1170. Calculate the greatest common factor of 35 and u.
1
Suppose 1650 = 100*z - 97*z. What is the greatest common factor of z and 200?
50
Let j be (53/212)/((-1)/(-464)). Calculate the greatest common divisor of 2059 and j.
29
Suppose -216 = l - 270. Let s(k) = 3*k**3 - k**2 + 4*k - 3. Let q be s(3). What is the highest common factor of q and l?
27
Suppose -i = 6*w - 4*w - 28, w + 49 = 3*i. Suppose 0 = -15*a - 4 + 34. Calculate the greatest common factor of a and i.
2
Suppose 2*t + 0*t + 8 = 4*b, -4*t = 4*b + 16. Let o be 1*t*(-190)/2. Suppose -o = -6*v + 5*v. What is the greatest common factor of 38 and v?
38
Let u(o) = 16*o**2 - 23*o + 62. Let p be u(8). Suppose 4*h - 2041 = 3*r - 237, -2*h + p = -3*r. What is the highest common factor of h and 11?
11
Let f = -882 - -570. Let z = f + 336. What is the highest common factor of z and 200?
8
Let o be (-10)/(-25) - (-485)/(-25). Let h = 24 + o. Suppose -8*x - h = -85. Calculate the highest common factor of x and 280.
10
Suppose l = -4*l - 4*j + 23487, 3*l - 14105 = 4*j. Suppose 18*c - l = -793. Calculate the highest common divisor of c and 31.
31
Let u(q) = -68*q**3 - 3*q**2 - q. Let n be u(-1). Suppose 9*t - n = -12. Let s = 50 - 35. What is the greatest common divisor of t and s?
3
Suppose -2*r - 1 = p - 7, -5*p + 4*r + 86 = 0. Let g = -940 - -1115. What is the highest common factor of g and p?
7
Let j be 4 + 0 + (8 - 3). Suppose 4*s = -1 + j. Suppose 80 = s*f - 0*f. What is the greatest common factor of 10 and f?
10
Suppose 43*c + 209*c = 15876. What is the greatest common divisor of c and 10563?
21
Let m be (-4777)/843 - (-35)/3. What is the highest common divisor of m and 1126?
2
Let l(g) = -7*g**2 - 156*g - 16. Let j be l(-22). Calculate the greatest common factor of 1246 and j.
14
Let q be ((-30)/(-5))/(3/28). Let r(f) = -f**3 - 23*f**2 - 50*f + 202. Let t be r(-20). Calculate the greatest common factor of t and q.
2
Suppose 0*t + t = -3*n + 265, 1325 = 5*t - 5*n. Let s = -85 + t. Suppose -2*c = -4*c + s. What is the highest common divisor of c and 18?
18
Let l be (-45656)/(-3) + (-22)/(-33) + (-26)/(-39). What is the highest common factor of 20 and l?
20
Suppose 2*m - y - 20 = -2*y, -3*m + 30 = -5*y. Let u = 10 - m. Suppose u = 3*p - p - 20. What is the greatest common divisor of 10 and p?
10
Let l(c) = 1075*c - 7317. Let x be l(7). What is the greatest common divisor of x and 73424